{"id":2865,"date":"2025-07-01T07:15:40","date_gmt":"2025-07-01T07:15:40","guid":{"rendered":"https:\/\/schreyen.tech\/generationled\/?post_type=faq&#038;p=2865"},"modified":"2025-07-01T07:15:41","modified_gmt":"2025-07-01T07:15:41","slug":"verblindingsgraad-en-ugr","status":"publish","type":"faq","link":"https:\/\/schreyen.tech\/generationled\/faq\/verblindingsgraad-en-ugr\/","title":{"rendered":"Verblindingsgraad en UGR"},"content":{"rendered":"\n<figure class=\"wp-block-image\"><img decoding=\"async\" src=\"https:\/\/www.nextgenerationled.be\/assets\/img\/doc\/glare.jpg\" alt=\"Glare and UGR\" title=\"Glare and UGR\"\/><\/figure>\n\n\n\n<ul class=\"wp-block-list\">\n<li><a href=\"https:\/\/www.nextgenerationled.be\/NL\/VerblindingsgraadenUGRNL.html#features-1\"><\/a><\/li>\n<\/ul>\n\n\n\n<p><strong>Verblinding<\/strong>&nbsp;vindt plaats in zowel natuurlijke (daglicht) als in binnenshuis omstandigheden. De verblindingsgraad hangt af van een aantal factoren.<br><br>Gebieden met een hoge lichtsterkte die zich naast gebieden met een lage lichtsterkte bevinden, veroorzaken verblinding, waardoor mensen zich op hun ongemak gaan voelen. Bijvoorbeeld, een blote bureaulamp geeft meer dan genoeg licht maar dat licht straalt in de ogen ipv op het bureaublad. Waardoor het moeilijk wordt om te lezen of eender welke andere taak te verrichten. Met een lampenkap verhindert u de verblinding in de ogen terwijl het bureaublad goed verlicht wordt.<br><br>Voor het meten van de verblindingsgraad gebruikt men een verblindingsongemak constante.<br><\/p>\n\n\n\n<figure class=\"wp-block-table\"><table class=\"has-fixed-layout\"><tbody><tr><td>Verblindingsindex:<\/td><td>Reactie:<\/td><\/tr><tr><td>0 &#8211; 10<\/td><td>Onmerkbaar<\/td><\/tr><tr><td>10 &#8211; 16<\/td><td>Merkbaar<\/td><\/tr><tr><td>16 &#8211; 22<\/td><td>Aanvaardbaar<\/td><\/tr><tr><td>22 &#8211; 28<\/td><td>Onaangenaam<\/td><\/tr><tr><td>&gt; 28<\/td><td>Onaanvaardbaar<\/td><\/tr><\/tbody><\/table><\/figure>\n\n\n\n<p>Visueel veeleisendere taken die een hoge lichtsterkte vereisen zoals tekenen en kwaliteitscontrole zijn minder tolerant tov verblinding. Heel gevoelig voor verblinding is het werken met een computer, aangezien schermen een glanzend oppervlak hebben.<\/p>\n\n\n\n<figure class=\"wp-block-table\"><table class=\"has-fixed-layout\"><tbody><tr><td>Beperking:<\/td><td>Werkomgeving:<\/td><\/tr><tr><td>16<\/td><td>Tekenen, kwatliteitscontrole<\/td><\/tr><tr><td>19<\/td><td>Kantoor, bibliotheek<\/td><\/tr><tr><td>22<\/td><td>Keuken, receptie, assemblage<\/td><\/tr><tr><td>25<\/td><td>Voorraad ruimtes<\/td><\/tr><tr><td>28<\/td><td>Parkings, rux industrieel werk<\/td><\/tr><\/tbody><\/table><\/figure>\n\n\n\n<p>De verblindingsgraad is met enkele simpele methoden te verminderen. Hoe hoger de lampen worden geplaatst, hoe minder verblinding.<\/p>\n\n\n\n<p>Indien we de lichtsterkte verminderen, vermindert ook de verblinding. Dit houdt niet in dat de het lichtniveau in de ruimte daalt. Ipv \u00e9\u00e9n heel heldere lamp, kiest men beter voor verschillende lampen met een lagere lichtsterkte.<\/p>\n\n\n\n<p>Algemene verblindings waardering of UGR in het engels, is een internationale index voorgesteld door de CIE (Internationale Verlichtings Commissie) en wordt gebruikt om de psychologische impact te evalueren en verminderen van luminaires. In tegenstelling tot de verblindingsindex die per luminair werkt, gaat deze methode op basis van alle ge\u00efnstalleerde luminaires werken aan de hand van \u00e9\u00e9n gedefinieerde observatieplaats. Een exacte berekening van de UGR waarde is tegenwoordig mogelijk met software zoals dialux of relux. Hoe lager de UGR waarde, hoe lager de verblinding.<\/p>\n","protected":false},"featured_media":0,"template":"","meta":{"_acf_changed":false},"class_list":["post-2865","faq","type-faq","status-publish","hentry"],"acf":[],"yoast_head":"<!-- This site is optimized with the Yoast SEO plugin v27.5 - https:\/\/yoast.com\/product\/yoast-seo-wordpress\/ -->\n<title>Verblindingsgraad en UGR - Next Generation Led<\/title>\n<meta name=\"robots\" content=\"index, follow, max-snippet:-1, max-image-preview:large, max-video-preview:-1\" \/>\n<link rel=\"canonical\" href=\"https:\/\/schreyen.tech\/generationled\/faq\/verblindingsgraad-en-ugr\/\" \/>\n<meta property=\"og:locale\" content=\"en_US\" \/>\n<meta property=\"og:type\" content=\"article\" \/>\n<meta property=\"og:title\" content=\"Verblindingsgraad en UGR - Next Generation Led\" \/>\n<meta property=\"og:description\" content=\"...\" \/>\n<meta property=\"og:url\" content=\"https:\/\/schreyen.tech\/generationled\/faq\/verblindingsgraad-en-ugr\/\" \/>\n<meta property=\"og:site_name\" content=\"Next Generation Led\" \/>\n<meta property=\"article:modified_time\" content=\"2025-07-01T07:15:41+00:00\" \/>\n<meta property=\"og:image\" content=\"https:\/\/www.nextgenerationled.be\/assets\/img\/doc\/glare.jpg\" \/>\n<meta name=\"twitter:card\" content=\"summary_large_image\" \/>\n<meta name=\"twitter:label1\" content=\"Est. reading time\" \/>\n\t<meta name=\"twitter:data1\" content=\"2 minutes\" \/>\n<script type=\"application\/ld+json\" class=\"yoast-schema-graph\">{\"@context\":\"https:\\\/\\\/schema.org\",\"@graph\":[{\"@type\":\"WebPage\",\"@id\":\"https:\\\/\\\/schreyen.tech\\\/generationled\\\/faq\\\/verblindingsgraad-en-ugr\\\/\",\"url\":\"https:\\\/\\\/schreyen.tech\\\/generationled\\\/faq\\\/verblindingsgraad-en-ugr\\\/\",\"name\":\"Verblindingsgraad en UGR - Next Generation Led\",\"isPartOf\":{\"@id\":\"https:\\\/\\\/schreyen.tech\\\/generationled\\\/#website\"},\"primaryImageOfPage\":{\"@id\":\"https:\\\/\\\/schreyen.tech\\\/generationled\\\/faq\\\/verblindingsgraad-en-ugr\\\/#primaryimage\"},\"image\":{\"@id\":\"https:\\\/\\\/schreyen.tech\\\/generationled\\\/faq\\\/verblindingsgraad-en-ugr\\\/#primaryimage\"},\"thumbnailUrl\":\"https:\\\/\\\/www.nextgenerationled.be\\\/assets\\\/img\\\/doc\\\/glare.jpg\",\"datePublished\":\"2025-07-01T07:15:40+00:00\",\"dateModified\":\"2025-07-01T07:15:41+00:00\",\"breadcrumb\":{\"@id\":\"https:\\\/\\\/schreyen.tech\\\/generationled\\\/faq\\\/verblindingsgraad-en-ugr\\\/#breadcrumb\"},\"inLanguage\":\"en-US\",\"potentialAction\":[{\"@type\":\"ReadAction\",\"target\":[\"https:\\\/\\\/schreyen.tech\\\/generationled\\\/faq\\\/verblindingsgraad-en-ugr\\\/\"]}]},{\"@type\":\"ImageObject\",\"inLanguage\":\"en-US\",\"@id\":\"https:\\\/\\\/schreyen.tech\\\/generationled\\\/faq\\\/verblindingsgraad-en-ugr\\\/#primaryimage\",\"url\":\"https:\\\/\\\/www.nextgenerationled.be\\\/assets\\\/img\\\/doc\\\/glare.jpg\",\"contentUrl\":\"https:\\\/\\\/www.nextgenerationled.be\\\/assets\\\/img\\\/doc\\\/glare.jpg\"},{\"@type\":\"BreadcrumbList\",\"@id\":\"https:\\\/\\\/schreyen.tech\\\/generationled\\\/faq\\\/verblindingsgraad-en-ugr\\\/#breadcrumb\",\"itemListElement\":[{\"@type\":\"ListItem\",\"position\":1,\"name\":\"Home\",\"item\":\"https:\\\/\\\/schreyen.tech\\\/generationled\\\/en\\\/home\\\/\"},{\"@type\":\"ListItem\",\"position\":2,\"name\":\"Verblindingsgraad en UGR\"}]},{\"@type\":\"WebSite\",\"@id\":\"https:\\\/\\\/schreyen.tech\\\/generationled\\\/#website\",\"url\":\"https:\\\/\\\/schreyen.tech\\\/generationled\\\/\",\"name\":\"Next Generation Led\",\"description\":\"\",\"publisher\":{\"@id\":\"https:\\\/\\\/schreyen.tech\\\/generationled\\\/#organization\"},\"potentialAction\":[{\"@type\":\"SearchAction\",\"target\":{\"@type\":\"EntryPoint\",\"urlTemplate\":\"https:\\\/\\\/schreyen.tech\\\/generationled\\\/?s={search_term_string}\"},\"query-input\":{\"@type\":\"PropertyValueSpecification\",\"valueRequired\":true,\"valueName\":\"search_term_string\"}}],\"inLanguage\":\"en-US\"},{\"@type\":\"Organization\",\"@id\":\"https:\\\/\\\/schreyen.tech\\\/generationled\\\/#organization\",\"name\":\"Next Generation Led\",\"url\":\"https:\\\/\\\/schreyen.tech\\\/generationled\\\/\",\"logo\":{\"@type\":\"ImageObject\",\"inLanguage\":\"en-US\",\"@id\":\"https:\\\/\\\/schreyen.tech\\\/generationled\\\/#\\\/schema\\\/logo\\\/image\\\/\",\"url\":\"https:\\\/\\\/schreyen.tech\\\/generationled\\\/wp-content\\\/uploads\\\/2025\\\/06\\\/Contact.png\",\"contentUrl\":\"https:\\\/\\\/schreyen.tech\\\/generationled\\\/wp-content\\\/uploads\\\/2025\\\/06\\\/Contact.png\",\"width\":85,\"height\":40,\"caption\":\"Next Generation Led\"},\"image\":{\"@id\":\"https:\\\/\\\/schreyen.tech\\\/generationled\\\/#\\\/schema\\\/logo\\\/image\\\/\"}}]}<\/script>\n<!-- \/ Yoast SEO plugin. -->","yoast_head_json":{"title":"Verblindingsgraad en UGR - Next Generation Led","robots":{"index":"index","follow":"follow","max-snippet":"max-snippet:-1","max-image-preview":"max-image-preview:large","max-video-preview":"max-video-preview:-1"},"canonical":"https:\/\/schreyen.tech\/generationled\/faq\/verblindingsgraad-en-ugr\/","og_locale":"en_US","og_type":"article","og_title":"Verblindingsgraad en UGR - Next Generation Led","og_description":"...","og_url":"https:\/\/schreyen.tech\/generationled\/faq\/verblindingsgraad-en-ugr\/","og_site_name":"Next Generation Led","article_modified_time":"2025-07-01T07:15:41+00:00","og_image":[{"url":"https:\/\/www.nextgenerationled.be\/assets\/img\/doc\/glare.jpg","type":"","width":"","height":""}],"twitter_card":"summary_large_image","twitter_misc":{"Est. reading time":"2 minutes"},"schema":{"@context":"https:\/\/schema.org","@graph":[{"@type":"WebPage","@id":"https:\/\/schreyen.tech\/generationled\/faq\/verblindingsgraad-en-ugr\/","url":"https:\/\/schreyen.tech\/generationled\/faq\/verblindingsgraad-en-ugr\/","name":"Verblindingsgraad en UGR - Next Generation Led","isPartOf":{"@id":"https:\/\/schreyen.tech\/generationled\/#website"},"primaryImageOfPage":{"@id":"https:\/\/schreyen.tech\/generationled\/faq\/verblindingsgraad-en-ugr\/#primaryimage"},"image":{"@id":"https:\/\/schreyen.tech\/generationled\/faq\/verblindingsgraad-en-ugr\/#primaryimage"},"thumbnailUrl":"https:\/\/www.nextgenerationled.be\/assets\/img\/doc\/glare.jpg","datePublished":"2025-07-01T07:15:40+00:00","dateModified":"2025-07-01T07:15:41+00:00","breadcrumb":{"@id":"https:\/\/schreyen.tech\/generationled\/faq\/verblindingsgraad-en-ugr\/#breadcrumb"},"inLanguage":"en-US","potentialAction":[{"@type":"ReadAction","target":["https:\/\/schreyen.tech\/generationled\/faq\/verblindingsgraad-en-ugr\/"]}]},{"@type":"ImageObject","inLanguage":"en-US","@id":"https:\/\/schreyen.tech\/generationled\/faq\/verblindingsgraad-en-ugr\/#primaryimage","url":"https:\/\/www.nextgenerationled.be\/assets\/img\/doc\/glare.jpg","contentUrl":"https:\/\/www.nextgenerationled.be\/assets\/img\/doc\/glare.jpg"},{"@type":"BreadcrumbList","@id":"https:\/\/schreyen.tech\/generationled\/faq\/verblindingsgraad-en-ugr\/#breadcrumb","itemListElement":[{"@type":"ListItem","position":1,"name":"Home","item":"https:\/\/schreyen.tech\/generationled\/en\/home\/"},{"@type":"ListItem","position":2,"name":"Verblindingsgraad en UGR"}]},{"@type":"WebSite","@id":"https:\/\/schreyen.tech\/generationled\/#website","url":"https:\/\/schreyen.tech\/generationled\/","name":"Next Generation Led","description":"","publisher":{"@id":"https:\/\/schreyen.tech\/generationled\/#organization"},"potentialAction":[{"@type":"SearchAction","target":{"@type":"EntryPoint","urlTemplate":"https:\/\/schreyen.tech\/generationled\/?s={search_term_string}"},"query-input":{"@type":"PropertyValueSpecification","valueRequired":true,"valueName":"search_term_string"}}],"inLanguage":"en-US"},{"@type":"Organization","@id":"https:\/\/schreyen.tech\/generationled\/#organization","name":"Next Generation Led","url":"https:\/\/schreyen.tech\/generationled\/","logo":{"@type":"ImageObject","inLanguage":"en-US","@id":"https:\/\/schreyen.tech\/generationled\/#\/schema\/logo\/image\/","url":"https:\/\/schreyen.tech\/generationled\/wp-content\/uploads\/2025\/06\/Contact.png","contentUrl":"https:\/\/schreyen.tech\/generationled\/wp-content\/uploads\/2025\/06\/Contact.png","width":85,"height":40,"caption":"Next Generation Led"},"image":{"@id":"https:\/\/schreyen.tech\/generationled\/#\/schema\/logo\/image\/"}}]}},"_links":{"self":[{"href":"https:\/\/schreyen.tech\/generationled\/wp-json\/wp\/v2\/faq\/2865","targetHints":{"allow":["GET"]}}],"collection":[{"href":"https:\/\/schreyen.tech\/generationled\/wp-json\/wp\/v2\/faq"}],"about":[{"href":"https:\/\/schreyen.tech\/generationled\/wp-json\/wp\/v2\/types\/faq"}],"version-history":[{"count":1,"href":"https:\/\/schreyen.tech\/generationled\/wp-json\/wp\/v2\/faq\/2865\/revisions"}],"predecessor-version":[{"id":2866,"href":"https:\/\/schreyen.tech\/generationled\/wp-json\/wp\/v2\/faq\/2865\/revisions\/2866"}],"wp:attachment":[{"href":"https:\/\/schreyen.tech\/generationled\/wp-json\/wp\/v2\/media?parent=2865"}],"curies":[{"name":"wp","href":"https:\/\/api.w.org\/{rel}","templated":true}]}}

<figure class="wp-block-image"><img decoding="async" src="https://www.nextgenerationled.be/assets/img/doc/glare.jpg" alt="Glare and UGR" title="Glare and UGR"/></figure>



<ul class="wp-block-list">
<li><a href="https://www.nextgenerationled.be/NL/VerblindingsgraadenUGRNL.html#features-1"></a></li>
</ul>



<p><strong>Verblinding</strong>&nbsp;vindt plaats in zowel natuurlijke (daglicht) als in binnenshuis omstandigheden. De verblindingsgraad hangt af van een aantal factoren.<br><br>Gebieden met een hoge lichtsterkte die zich naast gebieden met een lage lichtsterkte bevinden, veroorzaken verblinding, waardoor mensen zich op hun ongemak gaan voelen. Bijvoorbeeld, een blote bureaulamp geeft meer dan genoeg licht maar dat licht straalt in de ogen ipv op het bureaublad. Waardoor het moeilijk wordt om te lezen of eender welke andere taak te verrichten. Met een lampenkap verhindert u de verblinding in de ogen terwijl het bureaublad goed verlicht wordt.<br><br>Voor het meten van de verblindingsgraad gebruikt men een verblindingsongemak constante.<br></p>



<figure class="wp-block-table"><table class="has-fixed-layout"><tbody><tr><td>Verblindingsindex:</td><td>Reactie:</td></tr><tr><td>0 &#8211; 10</td><td>Onmerkbaar</td></tr><tr><td>10 &#8211; 16</td><td>Merkbaar</td></tr><tr><td>16 &#8211; 22</td><td>Aanvaardbaar</td></tr><tr><td>22 &#8211; 28</td><td>Onaangenaam</td></tr><tr><td>&gt; 28</td><td>Onaanvaardbaar</td></tr></tbody></table></figure>



<p>Visueel veeleisendere taken die een hoge lichtsterkte vereisen zoals tekenen en kwaliteitscontrole zijn minder tolerant tov verblinding. Heel gevoelig voor verblinding is het werken met een computer, aangezien schermen een glanzend oppervlak hebben.</p>



<figure class="wp-block-table"><table class="has-fixed-layout"><tbody><tr><td>Beperking:</td><td>Werkomgeving:</td></tr><tr><td>16</td><td>Tekenen, kwatliteitscontrole</td></tr><tr><td>19</td><td>Kantoor, bibliotheek</td></tr><tr><td>22</td><td>Keuken, receptie, assemblage</td></tr><tr><td>25</td><td>Voorraad ruimtes</td></tr><tr><td>28</td><td>Parkings, rux industrieel werk</td></tr></tbody></table></figure>



<p>De verblindingsgraad is met enkele simpele methoden te verminderen. Hoe hoger de lampen worden geplaatst, hoe minder verblinding.</p>



<p>Indien we de lichtsterkte verminderen, vermindert ook de verblinding. Dit houdt niet in dat de het lichtniveau in de ruimte daalt. Ipv één heel heldere lamp, kiest men beter voor verschillende lampen met een lagere lichtsterkte.</p>



<p>Algemene verblindings waardering of UGR in het engels, is een internationale index voorgesteld door de CIE (Internationale Verlichtings Commissie) en wordt gebruikt om de psychologische impact te evalueren en verminderen van luminaires. In tegenstelling tot de verblindingsindex die per luminair werkt, gaat deze methode op basis van alle geïnstalleerde luminaires werken aan de hand van één gedefinieerde observatieplaats. Een exacte berekening van de UGR waarde is tegenwoordig mogelijk met software zoals dialux of relux. Hoe lager de UGR waarde, hoe lager de verblinding.</p>
